uppose 2*z = -94 + 80. What are the prime factors of (300/9)/(z/(-126))?
2, 3, 5
Let o(d) = -1 - 4*d + 0*d + 3*d + 7. Let m be o(7). Let r(w) = 58*w**2 + w. What are the prime factors of r(m)?
3, 19
Let u(s) = -5*s - 43. Let v(q) = -6*q - 43. Let r(k) = -4*u(k) + 3*v(k). Let a(z) = z**3 + 38*z**2 + 71*z - 42. Let w be a(-36). List the prime factors of r(w).
31
Let f(r) = r**2 + 15*r + 81. Let u be f(-11). Let x = 342 - u. List the prime factors of x.
5, 61
What are the prime factors of 2 - -3 - (-4568 + -66)?
4639
Let p(h) = 15*h**2 - 9*h + h**2 - 3*h**2 + 5*h**2 + 0*h**2 + 13. List the prime factors of p(-4).
337
Let y(q) be the second derivative of -q**4/12 + 3*q**3 - 3*q**2/2 + 59*q + 2. Let x be (-184)/(-24) + 2/6. List the prime factors of y(x).
7, 11
Let k(f) = -5760*f - 4*f**2 - 3 + 42*f**2 + 5839*f - 14. What are the prime factors of k(-7)?
2, 17, 19
Let v(c) = 81*c**2 + 1. Let z be 33/12 - (27/12)/3. Let i be -1*(-2)/z*1. What are the prime factors of v(i)?
2, 41
Suppose -17472 = 23*g - 27*g - 5*l, -5*g + 4*l + 21799 = 0. What are the prime factors of g?
4363
Let h(w) be the second derivative of w**4/4 - 4*w**3/3 + 20*w**2 - 21*w - 3. List the prime factors of h(5).
3, 5
What are the prime factors of -10 + (-39)/(-13) + 7798?
3, 7, 53
Suppose 95524 = 4*q - 2*r, r = 265*q - 264*q - 23883. What are the prime factors of q?
23879
Let a(d) = 28 + 7*d**2 - 10 + 3*d + d**3 - 12*d. What are the prime factors of a(4)?
2, 79
List the prime factors of (-260 - 9 - 16)*(-53 + 0).
3, 5, 19, 53
Suppose 15*k - 6732 = -7*k. Let m = k + 33. List the prime factors of m.
3, 113
Let b = 16 + -10. Suppose -3*a + 3*v + 849 = 6*v, 1167 = 4*a - 3*v. List the prime factors of (a/80)/(b/80).
2, 3
Let y be -183*(5/15 + 0). Let r = 40 - 15. Let h = r - y. What are the prime factors of h?
2, 43
Suppose 0 = n - 4*d - 5725, -5*n + 28721 = 47*d - 51*d. What are the prime factors of n?
5749
Let n(b) = b**3 - 9*b**2 + 19*b - 9. Let u be n(9). Let q = 268 - u. What are the prime factors of q?
2, 53
What are the prime factors of (-2)/18 + (-3319525)/(-495)?
2, 7, 479
Let u = -1118 + 8890. What are the prime factors of u?
2, 29, 67
Let q = 4707 + 17809. List the prime factors of q.
2, 13, 433
Suppose -39231 = -2*l + 5*c, 449*l - 19668 = 448*l - 5*c. List the prime factors of l.
29, 677
Let q(o) = -o**2 + 5*o + 22. Let g be q(6). Suppose -5*h + g + 1989 = 0. List the prime factors of h.
401
Suppose 4*d + 3*l = 85999, 154*d + 4*l = 155*d - 21533. What are the prime factors of d?
5, 11, 17, 23
Let b = -18015 + 27406. What are the prime factors of b?
9391
Let a(v) = v**2 + 9*v + 13. Let y be a(-3). List the prime factors of (-1235)/39*6/y.
2, 19
Let a = -11709 + 19355. List the prime factors of a.
2, 3823
Suppose -16*i + 314886 = -91210. List the prime factors of i.
17, 1493
Let n = -7 - -10. Suppose n*l + 37 = 5*u, 0*l - 3*u + 31 = -4*l. List the prime factors of 39/52 - 41/l.
11
Suppose a - 2 = -0*a. Let z(k) = -12*k + 3 + k**3 + 6*k - 2*k**a - 3*k**3 - 2*k**3. List the prime factors of z(-3).
3, 37
Let w(s) = 1. Suppose 6*j = -6*j + 12. Let q(f) = 27*f + 20. Let c(l) = j*q(l) - 2*w(l). What are the prime factors of c(6)?
2, 3, 5
Let o be -2 - -65 - (4 + 3). Suppose 0*u = -2*u + 2*y - 80, -2*y - 120 = 3*u. Let g = o + u. List the prime factors of g.
2
Let p(w) = 3*w - 31. Let d be p(9). Let z(u) = 97*u**2 + 2*u - 10. List the prime factors of z(d).
2, 13, 59
Let w be (6/4)/((-51)/(-170)). Suppose -4*x - w*x = -1602. List the prime factors of x.
2, 89
Let k = 30967 + -18031. Suppose 0 = 13*u + 5045 - k. What are the prime factors of u?
607
Let d(w) = w**2 + 9*w - 6. Let p be 193/4 + (-5)/20. Let q = p + -42. What are the prime factors of d(q)?
2, 3, 7
Let y be (-3)/((-42)/(-60) + -1). What are the prime factors of (y/(-15))/(4/(-6054))?
1009
Let u = -46 + 82. Suppose 37*q = u*q + 5. Suppose -4*v + 4 = x, 4*v + q*x + 11 = -1. What are the prime factors of v?
2
Let k be 2426 - (-8 + 21 - 7). Let v = -1311 + k. What are the prime factors of v?
1109
Suppose 2*s + 2*s = 12. Suppose s*b = -u + 672, u - 1120 = -5*b - 0*u. Suppose -b + 11 = -3*i. What are the prime factors of i?
71
Let z = 860 + -844. Suppose 0 = -z*t - 14119 + 45063. What are the prime factors of t?
2, 967
Let n(l) = -69*l + 895. What are the prime factors of n(-72)?
11, 13, 41
Let y(l) = 13*l + 54. Let j be y(-4). Suppose 2*f = 4, -2*f - 443 - 429 = -j*g. What are the prime factors of g?
2, 3, 73
Suppose 0 = -5*a + 3*y - 23 - 13, 5*a = -5*y - 20. Let u be 1*4/a + 35840/(-105). Let z = 550 + u. List the prime factors of z.
2, 13
Suppose 5*l - 4*l + 110 = 0. Let p = l - -379. What are the prime factors of p?
269
Let q = -77838 - -122180. What are the prime factors of q?
2, 22171
Let c(k) = -k**3 - 29*k**2 + 114*k + 44. List the prime factors of c(-40).
2, 3271
Suppose 0 = -4*p + s - 8, p = -2*p + 2*s - 11. Let w be 346/4*-2*(1 + -2). What are the prime factors of (16/(-16))/(p/w)?
173
Let b(r) = -24*r - 142. Let w be b(-6). Suppose -3*x + 370 = -w*q + 3*q, x = 2*q + 135. List the prime factors of x.
5
Let u(z) = 5*z**3 + z**2 + 10*z + 2326. Let b(d) = -d**3 - 2*d - 465. Let h(v) = -11*b(v) - 2*u(v). List the prime factors of h(0).
463
Let v(g) = -3*g - 12. Let s be v(-4). Suppose s = i - 3*o - 17, -2*i - 4*o = -0*i + 16. Suppose 4*r - 4*z - 21 = r, -3 = -i*r - z. List the prime factors of r.
3
Let d(m) = -16*m + 12. Let c = 39 - 46. Let a(b) = -16*b + 13. Let h(f) = c*a(f) + 6*d(f). What are the prime factors of h(7)?
3, 31
Suppose 2*a - 4297 = -3*f + 1004, 2*f - 5*a - 3496 = 0. What are the prime factors of f?
41, 43
Suppose -2*l - 202 = 3*a + 2*a, -490 = 5*l + 5*a. Let h = l - -35. What are the prime factors of h*2/4*(-4)/2?
61
Let i(z) = 4*z**3 - 3*z**3 + 11*z + 27 + 5*z**2 + 1 - 17*z**2. List the prime factors of i(12).
2, 5
Suppose 3*w - 92289 = 5*t, 5*w + 72*t - 153695 = 67*t. What are the prime factors of w?
2, 7687
Let b = 76 + -78. Let a be (2 + 0)/(b/(-5)). Suppose a = -z, z - 85 = -w - 2*w. List the prime factors of w.
2, 3, 5
Let u(h) = 3*h + 3*h - 27 + 3*h**2 - h - 3*h. Let l(i) = -13*i**2 - 9*i + 109. Let o(v) = 2*l(v) + 9*u(v). List the prime factors of o(-14).
3, 19
Suppose 5*l = 35 + 15. Let f be 3838/l - (-100)/(-125). Suppose 2*v + 90 = -5*a + f, 4*a + 2*v = 234. What are the prime factors of a?
59
Let u = 368 + -234. Suppose 4*k + 1927 = 5*j, -3*j - u = -k - 1286. What are the prime factors of j?
383
Let a be (-2 + (-10)/(-6))*0. Suppose 3*b = -2*f + 79, b - 4*f = -a*b + 3. Let c = -13 + b. List the prime factors of c.
2, 5
Suppose 15*u - 53*u + 23*u = -330105. List the prime factors of u.
59, 373
Let l(x) = x**3 - 9*x**2 + 9*x - 6. Let t be l(8). What are the prime factors of 21137/46 + (-3)/t?
2, 229
Let i = -54 - -168. Suppose -4*o - h + 2*h = -816, -2*o = 5*h - 386. Let m = o - i. What are the prime factors of m?
89
Let s(i) = 176*i**2 + i + 128. What are the prime factors of s(-6)?
2, 3229
Suppose 69 = 5*z - 2*z. Let o = z - -2. List the prime factors of (-4)/2 + (o - 11).
2, 3
Let n(r) = 5*r**3 - 10*r**2 + 6*r - 19. Let b(t) = t**3 - t**2 + t. Let d(z) = 4*b(z) - n(z). List the prime factors of d(4).
43
Let x(w) = 115*w**3 - 6*w**2 + 122*w - 378. What are the prime factors of x(6)?
2, 3, 23, 181
Let x(d) = 2*d**3 + 5*d**2 - 132*d + 53. List the prime factors of x(22).
3, 5, 13, 107
Let t(j) = -j**3 - 4*j**2 - j + 1. Let l be t(-4). Let w be l*(87/20 - 4)*4. Suppose -1204 = -w*k - 441. What are the prime factors of k?
109
Suppose 52*c - 49*c - 15 = 0. Suppose 2*g - 1100 = -0*g + c*l, -3*g = -4*l - 1643. What are the prime factors of g?
5, 109
Let z(d) = -5*d**2 + 0*d**2 - 3*d**2 + 7*d**2 - 2*d**2 - 73*d - 35. What are the prime factors of z(-20)?
3, 5
Let d be -1 - (65/(-1) + 4). Suppose -40*w - d = -45*w. Let n = 84 - w. List the prime factors of n.
2, 3
Let k(v) = -v**3 - 7*v**2 - 7*v - 47. Let b be k(-7). Suppose 0 = 4*j + 3 - 23. Suppose -4*q + 344 = -4*d, -j*d = b*q + 56 - 228. List the prime factors of q.
2, 43
Let b = 396 - 389. List the prime factors of (b - 8 - -4)*(-653)/(-3).
653
Suppose 40*d - 29894 - 68146 = 0. What are the prime factors of d?
3, 19, 43
Suppose 5*i = -6*r + 3*r + 12025, 2*r + 5*i = 8025. Suppose -r = -9*a + 4*a - 5*t, 2*a - 4*t = 1606. What are the prime fa